t x(h) = -h**2 + 5*h + 2. Let i be x(5). Determine f(i).
-2
Let u(f) be the third derivative of f**7/1260 + f**6/180 + f**4/12 - 3*f**2. Let q(d) be the second derivative of u(d). Determine q(-3).
6
Let p(l) = -4*l + 2. Let m = 29 - 26. Calculate p(m).
-10
Let l(t) be the first derivative of t**4/4 - 2*t**3 + 2*t**2 - t + 2. Let z = -15 + 20. Determine l(z).
-6
Let l = -1 - 0. Let p(o) be the third derivative of o**3/6 + 3*o**2. Let j(u) = 2*u + 5. Let x(f) = -j(f) + 4*p(f). Calculate x(l).
1
Let r(z) be the third derivative of -z**6/30 + z**4/24 - z**3/3 + 4*z**2. Let i(f) be the first derivative of r(f). Calculate i(1).
-11
Suppose 0*v = -3*v + 6. Let i(n) = n**2 - 4*n + 3. Give i(v).
-1
Let x(b) = b**2 + 8*b + 3. Let n(g) = -2*g**2 - 15*g - 5. Let z(o) = 3*n(o) + 5*x(o). What is z(-6)?
-6
Let b(x) = -x**2 + 12*x - 9. Let u = -3 + 14. What is b(u)?
2
Suppose -5*m + 1 = -k - 8, 16 = -4*k. Let p(c) = 3*c**2 - 1. Let z be p(m). Let s(i) = 0 + i**2 - 4 + z. Give s(-2).
2
Let i(u) = u**2 - 2*u + 1. Let z be 3/3*1*(-1 + 2). What is i(z)?
0
Suppose a - 3 = -2. Let g be 24/30 + a/5. Let v(t) = -3*t**3 - t**2 + t. What is v(g)?
-3
Let t(a) = -9*a**2 + 2*a - 5. Let d(u) = -6*u**2 + 1. Let n be d(1). Let h(s) = -5*s**2 + s - 3. Let j(o) = n*h(o) + 3*t(o). What is j(1)?
-1
Suppose 5*u + 1 = 31. Let f(l) = 2*l - 9. Let n be f(u). Let s(p) be the second derivative of -p**5/20 + p**4/4 + p**3/3 - p**2 - 2*p. Give s(n).
4
Let b(n) = -n**2 + 3*n. Let p be b(3). Let l(r) = -r**3 + r**2 + r + 9. Calculate l(p).
9
Suppose k = -2*k - 12. Let m be (k/6)/(6/(-9)). Let p(z) = 2*z**2 + z - 1. Determine p(m).
2
Let v(a) = -a - 11. Let p be v(-5). Let j = -3 - p. Suppose -2*c = j*h - 5*c - 9, h = 4*c + 18. Let g(x) = 3*x**2 + 3*x + 3. Determine g(h).
9
Let z(x) = 11 - 2*x**2 + 3*x - 10 - 2*x. Give z(-2).
-9
Let z(x) be the first derivative of x**6/120 + x**5/12 - x**4/12 - x**3/2 - 2*x**2 + 3. Let d(c) be the second derivative of z(c). Calculate d(-5).
7
Let g(r) = 3 + 7 - 18 + 4*r**2 - r**3 + 4 - r. Calculate g(4).
-8
Let p(n) = -n**3 + 5*n**2 - n + 7. Let i be 3/(-2)*(-3 + 2/(-6)). Give p(i).
2
Suppose 0*f = -2*f - 8. Let l be (-6)/(-27) + 25/9. Let q(c) = c + 5 - 2 - 1 + c**2 - l. Calculate q(f).
11
Let d(k) = -4*k. Suppose -3*u + 10 = 2*u - b, 0 = -3*b. Give d(u).
-8
Let j(u) = -u**3 - 10*u**2 - 10*u - 8. Let m = -127 + 118. Calculate j(m).
1
Suppose -3*h - 2 + 6 = r, 5*r - 4*h - 20 = 0. Let g(x) = 3*x**2 - 3 - r*x**2 + 0*x**2 + 7*x + 9. What is g(6)?
12
Let r(b) = 7 + 5*b + 2 - 7 - 1. Give r(1).
6
Let l = 3 + 0. Let b(v) = -4*v + 2*v**2 - v**2 + 4 + 0 - 3. Calculate b(l).
-2
Let u = 12 + -8. Suppose 3*a - 2 = u*a. Let p(m) = -6*m + 2. Determine p(a).
14
Suppose -5 - 1 = -3*f. Let q(p) = -5 - p + 8*p**3 - 4*p**f - 7*p**3 - p**2 + 3*p. Suppose 4*l - 20 = -0*l. Give q(l).
5
Suppose -2 = -g - 0*g. Let c(k) be the second derivative of -3/2*k**2 + g*k - 5/6*k**3 + 0. What is c(-2)?
7
Let n be 15/(-6)*12/(-10). Let u = 2 - n. Let t(p) be the third derivative of -p**4/6 - p**2. What is t(u)?
4
Let n(v) = -2*v - 5. Let z = 65 + -70. Give n(z).
5
Let h = -18 + 12. Let y(k) = 10 + 5 + k - 4. What is y(h)?
5
Let z(a) = a + 1. Let w be (4/3)/(2/9). Let o be 10/6 + 2/w. Suppose -3*x - o = 7. Calculate z(x).
-2
Let k(c) = 8*c**3 + 2*c**2 - c. Suppose -21 = d + 2*d. Let h be (-30)/d - (-4)/(-14). Suppose -h*o = -9*o + 5. Calculate k(o).
9
Let k(p) = -p**3 + p**2 - p + 1. Let i(r) = 3*r**3 + r**2 - r - 4. Let n(f) = -i(f) - 4*k(f). Give n(4).
4
Let f(l) = -l**3 - 4*l**2 + 5*l - 7. Let k be f(-5). Let v be (1 + k + 1)*-1. Let y(d) = d**2 - 3*d - 2. Calculate y(v).
8
Let y be -1 + -5*1 + 1. Let w = 0 + 6. Let j(c) = -2*c**2 - 2*c**2 - 7*c + 3*c**2 - w. Calculate j(y).
4
Let q = -6 + 4. Let o be (-3)/q*8/(-6). Let a(p) = -p**3 - 3*p**2 - 2*p + 2. What is a(o)?
2
Let j(u) = -2*u**3 - 2*u**2 + 2*u + 1. Suppose 10 = -4*v + 34. Suppose -4*a = -7*a - 24. Let n = a + v. Calculate j(n).
5
Let i be 2/((-1)/12*-2). Suppose -3*d = -7*d - i. Let g(m) = -2*m**2 - 3*m + 2. What is g(d)?
-7
Let i = -9 + 6. Let m(x) be the first derivative of -x**3/3 - 3*x**2/2 + 4*x - 4. What is m(i)?
4
Suppose -t - 4*v - 6 = 0, 5*t - 42 = -v + 5*v. Let b(u) = -2*u**2 + 6*u + 2. Give b(t).
-34
Let k(n) = 3*n - 7*n + 0 + 7 + 5*n. Calculate k(0).
7
Let r(h) = h**3 - 2*h**2 + 1. Suppose -2*s - 2*s + 24 = 0. Let p = 8 - s. Determine r(p).
1
Let q(y) = -4*y**2 - 1. Suppose 6*z - 12 = 2*z. Suppose -2*d = z*d - 5. What is q(d)?
-5
Let h(c) = -3*c + 12. Let y(j) = -j + 1. Let p(o) = h(o) - 4*y(o). Give p(-6).
2
Let t be 1 + -2 - (-1 - 2). Let y(q) = q**3 + 4*q**2 + 2*q - 1. Let v(x) = -x**2 - x + 1. Let h(g) = -4*v(g) - y(g). Calculate h(t).
-7
Let z(m) be the second derivative of m**6/120 + m**5/60 + 4*m**2 + 2*m. Let u(d) be the first derivative of z(d). Give u(-1).
0
Let q be (-3)/(-2)*20/15. Let k(f) = 0*f - 1 - f - q*f**2 + f**3 + 0*f. Give k(2).
-3
Let b(m) = -m - 1. Let v(k) = -4*k - 5. Let w(x) = 3*b(x) - v(x). Let t be 0/((-3)/((-9)/(-6))). Let d be w(t). Let n(l) = -3*l + 1. Calculate n(d).
-5
Let j(f) = 2*f + 3. Let s be j(-3). Suppose -2*h = d - 2, 0 = -0*d - 2*d + h + 9. Let y(b) = -2 - d*b + 3 + 6 - b**2 - 4. Give y(s).
6
Let s(p) = -31 + 18 + 17 + 6*p - 8*p**2 + p**3. Give s(7).
-3
Let y(n) = 6*n**2 + 6*n - 7. Let l(b) = 6*b**2 + 7*b - 8. Suppose -2*u - 5*g = -5*u - 43, 0 = -3*u - 3*g - 3. Let o(i) = u*l(i) + 7*y(i). What is o(1)?
5
Let m(u) be the third derivative of 0 + 0*u**3 + u**2 + 1/24*u**4 + 0*u. Calculate m(-2).
-2
Let h = -37 - -43. Let p(n) = -n**3 + 7*n**2 - 8*n + 8. Calculate p(h).
-4
Let m(s) be the first derivative of s**5/20 + s**4/3 - s**3/2 + 5*s**2/2 - 3*s + 2. Let x(i) be the first derivative of m(i). Determine x(-5).
-5
Let p(h) = -h**3 - 5*h**2 + 7*h + 3. Let q(g) = 3*g**3 + g**2 + 2*g + 2. Let n be q(-2). Let m = n + 16. Give p(m).
-3
Let u(s) = 6*s - 1 - 4*s - 2 + 4. Calculate u(-3).
-5
Let k = -5 + 6. Suppose k + 14 = -5*t. Let u(a) = a**2 + a - 2. Calculate u(t).
4
Let b(h) = -5*h**2 - 3*h - 16. Let l(i) = 14*i**2 + 9*i + 46. Let a(j) = 17*b(j) + 6*l(j). Calculate a(3).
4
Suppose 2 = -3*r - 1, -3*r = 4*d + 15. Let q(n) = 6*n. Determine q(d).
-18
Let d(b) = -11*b**3 + b**2 + 29*b + 1. Let k(r) = -5*r**3 + r**2 + 14*r + 1. Let a(o) = 6*d(o) - 13*k(o). Let n be a(-6). Let p(z) = -z + 4. Calculate p(n).
-1
Let h(b) = b**3 + 4*b**2 - 3*b - 5. Let m = 36 + -40. Calculate h(m).
7
Let d(o) = -o + 1. Let g(j) be the third derivative of j**6/120 - j**4/24 + j**2. Let p(s) = -s**2 - 6*s - 4. Let f be p(-5). Let k be g(f). Calculate d(k).
1
Let q(t) = t**3 + 2*t**2 - 2*t + 1. Let o be q(1). Let n(m) = -m - m**3 - 6*m**2 + o*m - 5*m - m + 7. Calculate n(-5).
7
Let x = -26 - -30. Let l(h) = 5*h**3 + 10*h**2 - 2*h - 8. Let t(v) = -2*v**3 - 5*v**2 + v + 4. Let k(j) = -3*l(j) - 7*t(j). Give k(x).
8
Let j(t) = t - 1. Let b(i) = 5*i**2 - 6 + 6*i + 2*i**2 - 5*i**2 - 3*i**2. Let m(x) = -b(x) + 6*j(x). What is m(1)?
1
Suppose l = 5*g - 21, -2*l = -5*g + 10 + 7. Let b(n) = n**2 - 2*n - 4. Calculate b(l).
4
Let v(i) = i**2 + i - 7. Let f = 2 + 1. Suppose 6*p = f*p. Give v(p).
-7
Suppose -2*t = 3 - 5. Let d(h) be the first derivative of 5*h**3/3 + h**2 - h + 1. Calculate d(t).
6
Let r(o) = o + 3. Let d be r(-2). Let t(h) = h - 2. What is t(d)?
-1
Let f(d) = -d**3 - d**2 + d - 12. Let c(n) = -3*n**3 - 3*n**2 + 3*n - 36. Let s(q) = 6*c(q) - 17*f(q). Calculate s(0).
-12
Let q(x) = x - 6. Let t = -2 + 4. Suppose -4 = -0*z - t*z. Suppose 0 = -f - z*f. What is q(f)?
-6
Suppose 4 = -22*v + 26*v. Suppose v = 2*b - b. Let z(c) = 3*c - c + 1 + 0. What is z(b)?
3
Let i(a) = 3*a**2 - a - 1. Suppose 1 = 4*u + 13. Let c = 0 + 0. Let o be 4*u/(-6) - c. Determine i(o).
9
Let z(v) = -v**3 - 4*v**2 + 10*v + 3. Let r(i) = -2*i**3 - 8*i**2 + 19*i + 7. Let q(p) = -3*r(p) + 5*z(p). Calculate q(-5).
4
Let j(o) = -o - 14*o**2 - 14*o**2 + 36*o**2 - 8*o**3 - 9*o**2. Give j(-1).
8
Let u(a) be the third derivative of -a**6/120 + a**5/60 + a**4/24 - 2*a**3/3 - 3*a**2. Calculate u(0).
-4
Suppose 2*z = 13 + 17. Suppose -3*a = 2*a + z. Let t(q) = q + 2. Calculate t(a).
-1
Let g(c) = -3*c + 2. Let t(f) = -f + 1. Let m(a) = g(a) - 4*t(a). Calculate m(2).
0
Suppose 4*j = 4*v - 16, -2*v = 7*j - 6*j + 10. Let o(d) be the third derivativ